 prime?
True
Is 1340492147 prime?
True
Is 5136346567 a prime number?
False
Is 18517633549 a prime number?
False
Is 202608011 prime?
True
Is 1706915867 composite?
False
Is 9583849643 prime?
False
Is 1899289697 prime?
False
Is 10572206771 a prime number?
False
Is 22100561533 a composite number?
False
Is 4572274835 prime?
False
Is 7067395 a composite number?
True
Is 678014431 a composite number?
False
Is 432977429 composite?
False
Is 8152073 composite?
True
Is 3035064317 a prime number?
False
Is 10415038903 a prime number?
False
Is 1010343251 a composite number?
True
Is 2283056141 a composite number?
False
Is 13746136279 prime?
False
Is 5187569287 composite?
False
Is 13500496363 prime?
True
Is 9696953089 composite?
True
Is 352712891 composite?
True
Is 347312816021 composite?
False
Is 4498456579 a composite number?
False
Is 2385075691 a prime number?
True
Is 776700799 a prime number?
False
Is 4411725737 composite?
True
Is 3328499567 prime?
False
Is 375957473 prime?
True
Is 13582115431 prime?
True
Is 116102463241 prime?
False
Is 1006537117 a prime number?
True
Is 172636421 a composite number?
True
Is 495382813 prime?
False
Is 12249985999 a composite number?
False
Is 2511613735 prime?
False
Is 233656551463 prime?
True
Is 1780679393 a prime number?
False
Is 27997478731 a prime number?
True
Is 7119112373 prime?
True
Is 29071153 a prime number?
True
Is 12674479287 prime?
False
Is 1517092471 a composite number?
False
Is 11662600921 a composite number?
True
Is 29409741997 a prime number?
True
Is 19572706123 a prime number?
True
Is 33968755069 composite?
False
Is 132287821811 prime?
True
Is 1569947395 prime?
False
Is 96536134 a composite number?
True
Is 837680414 a composite number?
True
Is 6494129039 composite?
False
Is 67284481 a composite number?
True
Is 40742171203 a prime number?
True
Is 2380234613 a composite number?
True
Is 9048957382 a prime number?
False
Is 100743608711 composite?
True
Is 9944367431 prime?
True
Is 20538049757 a prime number?
True
Is 6836754851 a prime number?
True
Is 28282973 a composite number?
True
Is 3879619319 a prime number?
False
Is 6778876903 composite?
False
Is 621088709 a composite number?
False
Is 25943173811 a composite number?
False
Is 2317837877 composite?
True
Is 100145927307 a prime number?
False
Is 1875077387 a composite number?
True
Is 42352062983 a composite number?
False
Is 3424074119 composite?
False
Is 8845444073 a composite number?
True
Is 1622027971 a composite number?
True
Is 4270368077 composite?
True
Is 674913133 a prime number?
True
Is 652588513 composite?
True
Is 33969241073 a composite number?
False
Is 1118175923 prime?
False
Is 4195046909 prime?
False
Is 4417847509 a prime number?
False
Is 7537686231 a composite number?
True
Is 8613968621 prime?
False
Is 39160386971 a composite number?
False
Is 110862135673 a composite number?
False
Is 92457100889 composite?
True
Is 45680647 a composite number?
True
Is 3269772521 a composite number?
False
Is 26302944221 a composite number?
True
Is 1818978151 composite?
False
Is 8261196509 prime?
True
Is 33110570093 a prime number?
True
Is 20040326935 prime?
False
Is 1237894807 a prime number?
True
Is 1820612253 a composite number?
True
Is 1817513927 composite?
False
Is 36325131971 a prime number?
True
Is 103144950163 a composite number?
True
Is 47273630869 a prime number?
True
Is 49920112129 a composite number?
False
Is 19817017889 a prime number?
True
Is 15469676611 a prime number?
True
Is 277069679 a composite number?
False
Is 541635811 a composite number?
False
Is 1490204567 composite?
False
Is 22450209289 a prime number?
True
Is 5990100667 a composite number?
False
Is 71350537091 composite?
True
Is 3801725491 prime?
True
Is 27587207887 composite?
True
Is 13648859143 composite?
False
Is 44753953151 composite?
True
Is 17439912055 a composite number?
True
Is 4539191153 composite?
True
Is 80129971327 a prime number?
False
Is 25249040689 a composite number?
True
Is 349234513 prime?
True
Is 192125881 a prime number?
True
Is 4752064747 prime?
False
Is 3779752489 a composite number?
True
Is 10954676519 composite?
False
Is 31797674569 a composite number?
False
Is 292831663 prime?
False
Is 5224097657 a composite number?
False
Is 3120610067 prime?
False
Is 49979427 composite?
True
Is 139606573 a prime number?
False
Is 5227922443 a composite number?
False
Is 1394712971 a prime number?
False
Is 3944326931 a prime number?
False
Is 1246058291 a composite number?
False
Is 824129711 composite?
False
Is 15440088182 a composite number?
True
Is 2065953931 composite?
False
Is 22775668117 composite?
True
Is 908701621 composite?
False
Is 3235515313 a composite number?
False
Is 577781909 a composite number?
False
Is 245964127 composite?
True
Is 43892515409 prime?
True
Is 1147797817 a composite number?
True
Is 292658082307 prime?
True
Is 4924301491 prime?
True
Is 1692455255 composite?
True
Is 31146907531 prime?
True
Is 4628534961 prime?
False
Is 20341920607 a composite number?
True
Is 371288849 prime?
True
Is 346697814473 a prime number?
True
Is 1352069771 a composite number?
True
Is 5205750769 composite?
True
Is 3473526877 prime?
True
Is 2389973307 prime?
False
Is 132361590535 prime?
False
Is 13387495879 a prime number?
True
Is 4571414549 a prime number?
False
Is 681101387 a composite number?
False
Is 56267861647 a composite number?
False
Is 4602892353 a prime number?
False
Is 14573340907 prime?
True
Is 7137269261 composite?
False
Is 656871893 a composite number?
False
Is 185890283 a composite number?
True
Is 10659164809 composite?
True
Is 20483865299 prime?
False
Is 3601811147 prime?
False
Is 33250718051 prime?
True
Is 37259264677 a composite number?
True
Is 6940824901 a composite number?
False
Is 1207368611 a prime number?
False
Is 238007821 composite?
False
Is 145356451 composite?
True
Is 60660995327 a composite number?
False
Is 365625677 prime?
True
Is 5489897641 prime?
True
Is 49993253 prime?
False
Is 655435433 composite?
True
Is 4098328835 composite?
True
Is 245987879 composite?
True
Is 13965865091 composite?
True
Is 245036333 composite?
True
Is 66706547 composite?
False
Is 11913374531 composite?
False
Is 82971953 composite?
False
Is 82819673 a prime number?
False
Is 616076161 a prime number?
True
Is 4023604919 a composite number?
False
Is 70749832555 a composite number?
True
Is 27875032579 a composite number?
False
Is 16562247122 a prime number?
False
Is 3290529127 a prime number?
True
Is 81672295531 prime?
False
Is 70018950181 prime?
False
Is 140022633302 prime?
False
Is 13706883019 composite?
True
Is 50407151051 prime?
True
Is 5201068657 composite?
False
Is 9395802443 a composite number?
False
Is 107815567 a prime number?
True
Is 1057185163 a prime number?
True
Is 451888993 prime?
True
Is 1325274487 composite?
True
Is 18047315191 prime?
False
Is 12292942969 a prime number?
True
Is 705698569 prime?
False
Is 13822884961 a prime number?
True
Is 17065717973 composite?
False
Is 19605388291 composite?
False
Is 10689837119 prime?
False
Is 20172218837 composite?
True
Is 112319369753 prime?
False
Is 578215393 a prime number?
False
Is 980480933771 a prime number?
True
Is 5726245153 a composite number?
False
Is 11573119627 a composite number?
True
Is 15992962033 a prime number?
True
Is 1695582271 prime?
True
Is 5773815727 a composite number?
True
Is 6792868759 a prime number?
False
Is 367456527989 composite?
False
Is 1849814171 a composite number?
True
Is 1423637561 a composite number?
False
Is 136743770567 composite?
True
Is 5964441523 a composite number?
True
Is 139170100343 a composite number?
True
Is 31593717839 composite?
False
Is 6052321739 a prime number?
True
Is 19459882087 prime?
True
Is 27717550351 composite?
True
Is 1220226529 prime?
True
Is 369061487 composite?
True
Is 3503781593 prime?
False
Is 12147393881 composite?
True
Is 543750133 a prime number?
False
Is 265898527 prime?
True
Is 15048967021 prime?
False
Is 11949900667 a prime number?
True
Is 11679375809 a composite number?
True
Is 231815083 a composite number?
False
Is 125845837483 a composite number?
False
Is 1863257941 a composite number?
False
Is 220908851 prime?
True
Is 54060699529 composite?
False
Is 2794133257 composite?
True
Is 25662364993 a prime number?
True
Is 9090331457 a prime number?
True
Is 4829312389 